{"id":30,"date":"2023-05-15T22:12:54","date_gmt":"2023-05-15T22:12:54","guid":{"rendered":"https:\/\/juridicaltranslationoffice.com\/?page_id=30"},"modified":"2024-08-30T10:38:03","modified_gmt":"2024-08-30T10:38:03","slug":"gjuhet","status":"publish","type":"page","link":"https:\/\/juridicaltranslationoffice.com\/?page_id=30&lang=sq","title":{"rendered":"Gjuhet"},"content":{"rendered":"\t\t<div data-elementor-type=\"wp-page\" data-elementor-id=\"30\" class=\"elementor elementor-30\">\n\t\t\t\t\t\t\t\t\t<section class=\"elementor-section elementor-top-section elementor-element elementor-element-c36295d elementor-section-height-min-height elementor-section-items-stretch elementor-section-boxed elementor-section-height-default\" data-id=\"c36295d\" data-element_type=\"section\" data-settings=\"{&quot;background_background&quot;:&quot;classic&quot;}\">\n\t\t\t\t\t\t\t<div class=\"elementor-background-overlay\"><\/div>\n\t\t\t\t\t\t\t<div class=\"elementor-container elementor-column-gap-default\">\n\t\t\t\t\t<div class=\"elementor-column elementor-col-100 elementor-top-column elementor-element elementor-element-fdf85a2\" data-id=\"fdf85a2\" data-element_type=\"column\" data-settings=\"{&quot;background_background&quot;:&quot;classic&quot;}\">\n\t\t\t<div class=\"elementor-widget-wrap elementor-element-populated\">\n\t\t\t\t\t\t\t\t<div class=\"elementor-element elementor-element-69ca16a elementor-widget elementor-widget-text-editor\" data-id=\"69ca16a\" data-element_type=\"widget\" data-widget_type=\"text-editor.default\">\n\t\t\t\t<div class=\"elementor-widget-container\">\n\t\t\t<style>\/*! elementor - v3.14.0 - 26-06-2023 *\/\n.elementor-widget-text-editor.elementor-drop-cap-view-stacked .elementor-drop-cap{background-color:#69727d;color:#fff}.elementor-widget-text-editor.elementor-drop-cap-view-framed .elementor-drop-cap{color:#69727d;border:3px solid;background-color:transparent}.elementor-widget-text-editor:not(.elementor-drop-cap-view-default) .elementor-drop-cap{margin-top:8px}.elementor-widget-text-editor:not(.elementor-drop-cap-view-default) .elementor-drop-cap-letter{width:1em;height:1em}.elementor-widget-text-editor .elementor-drop-cap{float:left;text-align:center;line-height:1;font-size:50px}.elementor-widget-text-editor .elementor-drop-cap-letter{display:inline-block}<\/style>\t\t\t\t<h1 class=\"font_0 wixui-rich-text__text\"><span class=\"color_11 wixui-rich-text__text\"><span class=\"wixui-rich-text__text\">Gjuhet e perkthimit:<\/span><\/span><br class=\"wixui-rich-text__text\" \/><span class=\"wixui-rich-text__text\"><span class=\"color_11 wixui-rich-text__text\">Zyra e P\u00ebrkthimeve Juridike<\/span><\/span><\/h1>\t\t\t\t\t\t<\/div>\n\t\t\t\t<\/div>\n\t\t\t\t\t<\/div>\n\t\t<\/div>\n\t\t\t\t\t\t\t<\/div>\n\t\t<\/section>\n\t\t\t\t<section class=\"elementor-section elementor-top-section elementor-element elementor-element-536021f2 elementor-section-boxed elementor-section-height-default elementor-section-height-default\" data-id=\"536021f2\" data-element_type=\"section\" data-settings=\"{&quot;background_background&quot;:&quot;classic&quot;}\">\n\t\t\t\t\t\t<div class=\"elementor-container elementor-column-gap-default\">\n\t\t\t\t\t<div class=\"elementor-column elementor-col-100 elementor-top-column elementor-element elementor-element-504c5624\" data-id=\"504c5624\" data-element_type=\"column\">\n\t\t\t<div class=\"elementor-widget-wrap elementor-element-populated\">\n\t\t\t\t\t\t\t\t<div class=\"elementor-element elementor-element-1cde8d71 elementor-widget elementor-widget-elementskit-heading\" data-id=\"1cde8d71\" data-element_type=\"widget\" data-widget_type=\"elementskit-heading.default\">\n\t\t\t\t<div class=\"elementor-widget-container\">\n\t\t\t<div class=\"ekit-wid-con\" ><div class=\"ekit-heading elementskit-section-title-wraper text_center   ekit_heading_tablet-   ekit_heading_mobile-\"><h2 class=\"ekit-heading--title elementskit-section-title \">Gjuh\u00ebt e P\u00ebrkthimit<\/h2><\/div><\/div>\t\t<\/div>\n\t\t\t\t<\/div>\n\t\t\t\t<div class=\"elementor-element elementor-element-27588457 elementor-widget elementor-widget-elementskit-accordion\" data-id=\"27588457\" data-element_type=\"widget\" data-widget_type=\"elementskit-accordion.default\">\n\t\t\t\t<div class=\"elementor-widget-container\">\n\t\t\t<div class=\"ekit-wid-con\" >\n        <div class=\"elementskit-accordion accoedion-primary\" id=\"accordion-69e306bf7e0e5\">\n\n            \n                <div class=\"elementskit-card active\">\n                    <div class=\"elementskit-card-header\" id=\"primaryHeading-0-27588457\">\n                        <a href=\"#collapse-14514dc69e306bf7e0e5\" class=\"ekit-accordion--toggler elementskit-btn-link collapsed\" data-ekit-toggle=\"collapse\" data-target=\"#Collapse-14514dc69e306bf7e0e5\" aria-expanded=\"true\" aria-controls=\"Collapse-14514dc69e306bf7e0e5\">\n                            \n                            <span class=\"ekit-accordion-title\">Fr\u00ebngjisht<\/span>\n\n                            \n                                <div class=\"ekit_accordion_icon_group\">\n                                    <div class=\"ekit_accordion_normal_icon\">\n                                        <!-- Normal Icon -->\n                                                                            <\/div>\n\n                                    <div class=\"ekit_accordion_active_icon\">\n                                        <!-- Active Icon -->\n                                                                            <\/div>\n\n                                <\/div>\n\n                            \n                                                    <\/a>\n                    <\/div>\n\n                    <div id=\"Collapse-14514dc69e306bf7e0e5\" class=\" show collapse\" aria-labelledby=\"primaryHeading-0-27588457\" data-parent=\"#accordion-69e306bf7e0e5\">\n\n                        <div class=\"elementskit-card-body ekit-accordion--content\">\n                            <p><strong>Kombinime P\u00ebrkthimi<\/strong><\/p><p>Fr\u00ebngjisht - Shqip<\/p><p>Fr\u00ebngjisht - Shqip - Anglisht<\/p><p>Fr\u00ebngjisht - Shqip - Arabisht<\/p>                        <\/div>\n\n                    <\/div>\n\n                <\/div><!-- .elementskit-card END -->\n\n                \n                <div class=\"elementskit-card \">\n                    <div class=\"elementskit-card-header\" id=\"primaryHeading-1-27588457\">\n                        <a href=\"#collapse-35c8fe469e306bf7e0e5\" class=\"ekit-accordion--toggler elementskit-btn-link collapsed\" data-ekit-toggle=\"collapse\" data-target=\"#Collapse-35c8fe469e306bf7e0e5\" aria-expanded=\"false\" aria-controls=\"Collapse-35c8fe469e306bf7e0e5\">\n                            \n                            <span class=\"ekit-accordion-title\">Anglisht<\/span>\n\n                            \n                                <div class=\"ekit_accordion_icon_group\">\n                                    <div class=\"ekit_accordion_normal_icon\">\n                                        <!-- Normal Icon -->\n                                                                            <\/div>\n\n                                    <div class=\"ekit_accordion_active_icon\">\n                                        <!-- Active Icon -->\n                                                                            <\/div>\n\n                                <\/div>\n\n                            \n                                                    <\/a>\n                    <\/div>\n\n                    <div id=\"Collapse-35c8fe469e306bf7e0e5\" class=\" collapse\" aria-labelledby=\"primaryHeading-1-27588457\" data-parent=\"#accordion-69e306bf7e0e5\">\n\n                        <div class=\"elementskit-card-body ekit-accordion--content\">\n                            <p><strong>Kombinime P\u00ebrkthimi<\/strong><\/p><p>Anglisht - Shqip - Fr\u00ebngjisht<\/p>                        <\/div>\n\n                    <\/div>\n\n                <\/div><!-- .elementskit-card END -->\n\n                \n                <div class=\"elementskit-card \">\n                    <div class=\"elementskit-card-header\" id=\"primaryHeading-2-27588457\">\n                        <a href=\"#collapse-c29457c69e306bf7e0e5\" class=\"ekit-accordion--toggler elementskit-btn-link collapsed\" data-ekit-toggle=\"collapse\" data-target=\"#Collapse-c29457c69e306bf7e0e5\" aria-expanded=\"false\" aria-controls=\"Collapse-c29457c69e306bf7e0e5\">\n                            \n                            <span class=\"ekit-accordion-title\">Arabisht<\/span>\n\n                            \n                                <div class=\"ekit_accordion_icon_group\">\n                                    <div class=\"ekit_accordion_normal_icon\">\n                                        <!-- Normal Icon -->\n                                                                            <\/div>\n\n                                    <div class=\"ekit_accordion_active_icon\">\n                                        <!-- Active Icon -->\n                                                                            <\/div>\n\n                                <\/div>\n\n                            \n                                                    <\/a>\n                    <\/div>\n\n                    <div id=\"Collapse-c29457c69e306bf7e0e5\" class=\" collapse\" aria-labelledby=\"primaryHeading-2-27588457\" data-parent=\"#accordion-69e306bf7e0e5\">\n\n                        <div class=\"elementskit-card-body ekit-accordion--content\">\n                            <p><strong>Kombinime P\u00ebrkthimi<\/strong><\/p><p>Arabisht - Shqip - Fr\u00ebngjisht<\/p>                        <\/div>\n\n                    <\/div>\n\n                <\/div><!-- .elementskit-card END -->\n\n                \n                <div class=\"elementskit-card \">\n                    <div class=\"elementskit-card-header\" id=\"primaryHeading-3-27588457\">\n                        <a href=\"#collapse-f0f54c169e306bf7e0e5\" class=\"ekit-accordion--toggler elementskit-btn-link collapsed\" data-ekit-toggle=\"collapse\" data-target=\"#Collapse-f0f54c169e306bf7e0e5\" aria-expanded=\"false\" aria-controls=\"Collapse-f0f54c169e306bf7e0e5\">\n                            \n                            <span class=\"ekit-accordion-title\">Italisht<\/span>\n\n                            \n                                <div class=\"ekit_accordion_icon_group\">\n                                    <div class=\"ekit_accordion_normal_icon\">\n                                        <!-- Normal Icon -->\n                                                                            <\/div>\n\n                                    <div class=\"ekit_accordion_active_icon\">\n                                        <!-- Active Icon -->\n                                                                            <\/div>\n\n                                <\/div>\n\n                            \n                                                    <\/a>\n                    <\/div>\n\n                    <div id=\"Collapse-f0f54c169e306bf7e0e5\" class=\" collapse\" aria-labelledby=\"primaryHeading-3-27588457\" data-parent=\"#accordion-69e306bf7e0e5\">\n\n                        <div class=\"elementskit-card-body ekit-accordion--content\">\n                            <p><strong>Kombinime P\u00ebrkthimi<\/strong><\/p><p>Italisht - Shqip - Fr\u00ebngjisht<\/p>                        <\/div>\n\n                    <\/div>\n\n                <\/div><!-- .elementskit-card END -->\n\n                        <\/div>\n    <\/div>\t\t<\/div>\n\t\t\t\t<\/div>\n\t\t\t\t\t<\/div>\n\t\t<\/div>\n\t\t\t\t\t\t\t<\/div>\n\t\t<\/section>\n\t\t\t\t\t\t\t<\/div>\n\t\t","protected":false},"excerpt":{"rendered":"<p>Gjuhet e perkthimit:Zyra e P\u00ebrkthimeve Juridike Gjuh\u00ebt e P\u00ebrkthimit Fr\u00ebngjisht Kombinime P\u00ebrkthimi Fr\u00ebngjisht &#8211; Shqip Fr\u00ebngjisht &#8211; Shqip &#8211; Anglisht Fr\u00ebngjisht &#8211; Shqip &#8211; Arabisht Anglisht Kombinime P\u00ebrkthimi Anglisht &#8211; Shqip &#8211; Fr\u00ebngjisht Arabisht Kombinime P\u00ebrkthimi Arabisht &#8211; Shqip &#8211; Fr\u00ebngjisht Italisht Kombinime P\u00ebrkthimi Italisht &#8211; Shqip &#8211; Fr\u00ebngjisht<\/p>\n","protected":false},"author":1,"featured_media":0,"parent":0,"menu_order":0,"comment_status":"closed","ping_status":"closed","template":"","meta":{"site-sidebar-layout":"no-sidebar","site-content-layout":"page-builder","ast-global-header-display":"","ast-banner-title-visibility":"","ast-main-header-display":"","ast-hfb-above-header-display":"","ast-hfb-below-header-display":"","ast-hfb-mobile-header-display":"","site-post-title":"disabled","ast-breadcrumbs-content":"","ast-featured-img":"disabled","footer-sml-layout":"","theme-transparent-header-meta":"","adv-header-id-meta":"","stick-header-meta":"","header-above-stick-meta":"","header-main-stick-meta":"","header-below-stick-meta":"","footnotes":""},"class_list":["post-30","page","type-page","status-publish","hentry"],"_links":{"self":[{"href":"https:\/\/juridicaltranslationoffice.com\/index.php?rest_route=\/wp\/v2\/pages\/30","targetHints":{"allow":["GET"]}}],"collection":[{"href":"https:\/\/juridicaltranslationoffice.com\/index.php?rest_route=\/wp\/v2\/pages"}],"about":[{"href":"https:\/\/juridicaltranslationoffice.com\/index.php?rest_route=\/wp\/v2\/types\/page"}],"author":[{"embeddable":true,"href":"https:\/\/juridicaltranslationoffice.com\/index.php?rest_route=\/wp\/v2\/users\/1"}],"replies":[{"embeddable":true,"href":"https:\/\/juridicaltranslationoffice.com\/index.php?rest_route=%2Fwp%2Fv2%2Fcomments&post=30"}],"version-history":[{"count":19,"href":"https:\/\/juridicaltranslationoffice.com\/index.php?rest_route=\/wp\/v2\/pages\/30\/revisions"}],"predecessor-version":[{"id":1040,"href":"https:\/\/juridicaltranslationoffice.com\/index.php?rest_route=\/wp\/v2\/pages\/30\/revisions\/1040"}],"wp:attachment":[{"href":"https:\/\/juridicaltranslationoffice.com\/index.php?rest_route=%2Fwp%2Fv2%2Fmedia&parent=30"}],"curies":[{"name":"wp","href":"https:\/\/api.w.org\/{rel}","templated":true}]}}